{"id":3,"date":"2025-08-29T16:15:35","date_gmt":"2025-08-29T16:15:35","guid":{"rendered":"http:\/\/velluto-conciergerie.com\/?page_id=3"},"modified":"2025-09-23T15:00:12","modified_gmt":"2025-09-23T15:00:12","slug":"mentions-legales","status":"publish","type":"page","link":"http:\/\/velluto-conciergerie.com\/index.php\/mentions-legales\/","title":{"rendered":"Mentions l\u00e9gales"},"content":{"rendered":"\n[et_pb_section fb_built=\u00a0\u00bb1&Prime; admin_label=\u00a0\u00bbsection\u00a0\u00bb _builder_version=\u00a0\u00bb4.16&Prime; global_colors_info=\u00a0\u00bb{}\u00a0\u00bb][et_pb_row admin_label=\u00a0\u00bbrow\u00a0\u00bb _builder_version=\u00a0\u00bb4.16&Prime; background_size=\u00a0\u00bbinitial\u00a0\u00bb background_position=\u00a0\u00bbtop_left\u00a0\u00bb background_repeat=\u00a0\u00bbrepeat\u00a0\u00bb global_colors_info=\u00a0\u00bb{}\u00a0\u00bb custom_margin=\u00a0\u00bb-49px|auto||auto||\u00a0\u00bb][et_pb_column type=\u00a0\u00bb4_4&Prime; _builder_version=\u00a0\u00bb4.16&Prime; custom_padding=\u00a0\u00bb|||\u00a0\u00bb global_colors_info=\u00a0\u00bb{}\u00a0\u00bb custom_padding__hover=\u00a0\u00bb|||\u00a0\u00bb][et_pb_text admin_label=\u00a0\u00bbText\u00a0\u00bb _builder_version=\u00a0\u00bb4.27.4&Prime; background_size=\u00a0\u00bbinitial\u00a0\u00bb background_position=\u00a0\u00bbtop_left\u00a0\u00bb background_repeat=\u00a0\u00bbrepeat\u00a0\u00bb global_colors_info=\u00a0\u00bb{}\u00a0\u00bb]<h1><strong><span class=\"s1\">Mentions l\u00e9gales<\/span><\/strong><\/h1>\n<p><strong><span class=\"s1\"><\/span><\/strong><\/p>\n<p><strong><span class=\"s1\"><\/span><\/strong><\/p>\n<p class=\"p2\"><span class=\"s2\"><\/span><\/p>\n<h2><span class=\"s1\">1. \u00c9diteur du site<\/span><\/h2>\n<p class=\"p2\"><span class=\"s2\"><\/span><\/p>\n<p class=\"p3\"><span class=\"s2\">Le site <\/span><span class=\"s3\">https:\/\/velluto-conciergerie.com<\/span><span class=\"s2\"> est \u00e9dit\u00e9 par :<\/span><\/p>\n<ul>\n<li>\n<p class=\"p1\"><span class=\"s1\">VELLUTO CONCIERGERIE<\/span><\/p>\n<\/li>\n<li>\n<p class=\"p1\"><span class=\"s1\">SASU au capital social de 1 000 \u20ac<\/span><\/p>\n<\/li>\n<li>\n<p class=\"p1\"><span class=\"s1\">Immatricul\u00e9e au RCS de Paris sous le num\u00e9ro 990 736 704<\/span><\/p>\n<\/li>\n<li>\n<p class=\"p1\"><span class=\"s1\">Num\u00e9ro de TVA intracommunautaire : FR47990736704<\/span><\/p>\n<\/li>\n<li>\n<p class=\"p1\"><span class=\"s1\">Dirigeante : Isabelle Languila, Pr\u00e9sidente<\/span><\/p>\n<\/li>\n<li>\n<p class=\"p1\"><span class=\"s1\">Si\u00e8ge social : 50 avenue des Champs-\u00c9lys\u00e9es, 75008 Paris<\/span><\/p>\n<\/li>\n<li>\n<p class=\"p1\"><span class=\"s1\">Contact : contact@velluto-conciergerie.com<\/span><\/p>\n<\/li>\n<\/ul>\n<p class=\"p2\"><span class=\"s2\"><\/span><\/p>\n<h2><span class=\"s1\">2. Cr\u00e9ation et maintenance du site<\/span><\/h2>\n<ul>\n<li>\n<p class=\"p1\"><span class=\"s1\">HEAVEN DESIGN<\/span><\/p>\n<\/li>\n<li>\n<p class=\"p1\"><span class=\"s1\">715 avenue du Club Hippique, 13090 Aix-en-Provence<\/span><\/p>\n<\/li>\n<li>\n<p class=\"p1\"><span class=\"s1\">T\u00e9l\u00e9phone : 06 40 46 50 53<\/span><\/p>\n<\/li>\n<li>\n<p class=\"p1\"><span class=\"s1\">Site web : https:\/\/heavendesign.fr<\/span><\/p>\n<\/li>\n<\/ul>\n<p class=\"p2\"><span class=\"s2\"><\/span><\/p>\n<h2><span class=\"s1\">3. H\u00e9bergeur du site<\/span><\/h2>\n<ul>\n<li>\n<p class=\"p1\"><span class=\"s1\">OVH SAS<\/span><\/p>\n<\/li>\n<li>\n<p class=\"p1\"><span class=\"s1\">2 rue Kellermann, 59100 Roubaix, France<\/span><\/p>\n<\/li>\n<li>\n<p class=\"p1\"><span class=\"s1\">T\u00e9l\u00e9phone : 09 72 10 10 07<\/span><\/p>\n<\/li>\n<li>\n<p class=\"p1\"><span class=\"s1\">Site web : https:\/\/www.ovhcloud.com<\/span><\/p>\n<\/li>\n<\/ul>\n<p class=\"p2\"><span class=\"s2\"><\/span><\/p>\n<h2><span class=\"s1\">4. Propri\u00e9t\u00e9 intellectuelle<\/span><\/h2>\n<p class=\"p2\"><span class=\"s2\"><\/span><\/p>\n<p class=\"p3\"><span class=\"s2\">Tous les contenus pr\u00e9sents sur le site (textes, images, logos, graphismes, ic\u00f4nes, etc.) sont la propri\u00e9t\u00e9 exclusive de VELLUTO CONCIERGERIE, sauf mention contraire. Toute reproduction, repr\u00e9sentation, modification ou adaptation, totale ou partielle, est interdite sans autorisation \u00e9crite pr\u00e9alable.<\/span><\/p>\n<p class=\"p2\"><span class=\"s2\"><\/span><\/p>\n<h2><span class=\"s1\">5. Donn\u00e9es personnelles<\/span><\/h2>\n<p class=\"p2\"><span class=\"s2\"><\/span><\/p>\n<p class=\"p3\"><span class=\"s2\">Conform\u00e9ment au RGPD, vous disposez d\u2019un droit d\u2019acc\u00e8s, de rectification, d\u2019opposition et de suppression de vos donn\u00e9es personnelles. Pour exercer ces droits, contactez : contact@velluto-conciergerie.com<\/span><\/p>\n<hr \/>\n<h1><strong><span class=\"s1\">Politique de confidentialit\u00e9<\/span><\/strong><\/h1>\n<p><strong><span class=\"s1\"><\/span><\/strong><\/p>\n<p><strong><span class=\"s1\"><\/span><\/strong><\/p>\n<p class=\"p2\"><span class=\"s2\"><\/span><\/p>\n<h2><span class=\"s1\">1. Collecte des donn\u00e9es personnelles<\/span><\/h2>\n<p class=\"p2\"><span class=\"s2\"><\/span><\/p>\n<p class=\"p3\"><span class=\"s2\">Les donn\u00e9es collect\u00e9es via le site (nom, pr\u00e9nom, email, t\u00e9l\u00e9phone, adresse postale, etc.) sont uniquement utilis\u00e9es dans le cadre des services de conciergerie et des demandes effectu\u00e9es par l\u2019utilisateur.<\/span><\/p>\n<p class=\"p2\"><span class=\"s2\"><\/span><\/p>\n<h2><span class=\"s1\">2. Finalit\u00e9 du traitement<\/span><\/h2>\n<p class=\"p2\"><span class=\"s2\"><\/span><\/p>\n<p class=\"p3\"><span class=\"s2\">Les donn\u00e9es servent \u00e0 :<\/span><\/p>\n<ul>\n<li>\n<p class=\"p1\"><span class=\"s1\">r\u00e9pondre aux demandes de contact,<\/span><\/p>\n<\/li>\n<li>\n<p class=\"p1\"><span class=\"s1\">\u00e9tablir des devis,<\/span><\/p>\n<\/li>\n<li>\n<p class=\"p1\"><span class=\"s1\">assurer la prestation de services,<\/span><\/p>\n<\/li>\n<li>\n<p class=\"p1\"><span class=\"s1\">communiquer des informations li\u00e9es \u00e0 l\u2019activit\u00e9 de VELLUTO CONCIERGERIE.<\/span><\/p>\n<\/li>\n<\/ul>\n<p class=\"p2\"><span class=\"s2\"><\/span><\/p>\n<h2><span class=\"s1\">3. Conservation des donn\u00e9es<\/span><\/h2>\n<p class=\"p2\"><span class=\"s2\"><\/span><\/p>\n<p class=\"p3\"><span class=\"s2\">Les donn\u00e9es sont conserv\u00e9es pour une dur\u00e9e maximale de 3 ans apr\u00e8s le dernier contact.<\/span><\/p>\n<p class=\"p2\"><span class=\"s2\"><\/span><\/p>\n<h2><span class=\"s1\">4. Partage des donn\u00e9es<\/span><\/h2>\n<p class=\"p2\"><span class=\"s2\"><\/span><\/p>\n<p class=\"p3\"><span class=\"s2\">Les donn\u00e9es ne sont jamais vendues ni lou\u00e9es. Elles peuvent \u00eatre transmises uniquement aux prestataires techniques (OVH, Heaven Design) ou aux autorit\u00e9s en cas d\u2019obligation l\u00e9gale.<\/span><\/p>\n<p class=\"p2\"><span class=\"s2\"><\/span><\/p>\n<h2><span class=\"s1\">5. Droits des utilisateurs<\/span><\/h2>\n<p class=\"p2\"><span class=\"s2\"><\/span><\/p>\n<p class=\"p3\"><span class=\"s2\">Conform\u00e9ment au RGPD, vous disposez des droits suivants : acc\u00e8s, rectification, effacement, opposition, portabilit\u00e9 et limitation du traitement.<\/span><\/p>\n<p class=\"p3\"><span class=\"s2\">Pour exercer ces droits, contactez : contact@velluto-conciergerie.com<\/span><\/p>\n<hr \/>\n<h1><strong><span class=\"s1\">Politique relative aux cookies<\/span><\/strong><\/h1>\n<p><strong><span class=\"s1\"><\/span><\/strong><\/p>\n<p class=\"p2\"><span class=\"s2\"><\/span><\/p>\n<h2><span class=\"s1\">1. Qu\u2019est-ce qu\u2019un cookie ?<\/span><\/h2>\n<p class=\"p2\"><span class=\"s2\"><\/span><\/p>\n<p class=\"p3\"><span class=\"s2\">Un cookie est un petit fichier texte d\u00e9pos\u00e9 sur votre terminal (ordinateur, smartphone, tablette) lors de la visite d\u2019un site internet. Il permet de stocker des informations relatives \u00e0 votre navigation.<\/span><\/p>\n<p class=\"p2\"><span class=\"s2\"><\/span><\/p>\n<h2><span class=\"s1\">2. Types de cookies utilis\u00e9s<\/span><\/h2>\n<p class=\"p2\"><span class=\"s2\"><\/span><\/p>\n<p class=\"p3\"><span class=\"s2\">Le site utilise \u00e9ventuellement :<\/span><\/p>\n<ul>\n<li>\n<p class=\"p1\"><span class=\"s1\">Cookies strictement n\u00e9cessaires (fonctionnement du site)<\/span><\/p>\n<\/li>\n<li>\n<p class=\"p1\"><span class=\"s1\">Cookies de mesure d\u2019audience (statistiques, optimisation)<\/span><\/p>\n<\/li>\n<li>\n<p class=\"p1\"><span class=\"s1\">Cookies de fonctionnalit\u00e9s (m\u00e9morisation des pr\u00e9f\u00e9rences)<\/span><\/p>\n<\/li>\n<li>\n<p class=\"p1\"><span class=\"s1\">Cookies publicitaires (si activ\u00e9s ult\u00e9rieurement)<\/span><\/p>\n<\/li>\n<\/ul>\n<p class=\"p2\"><span class=\"s2\"><\/span><\/p>\n<h2><span class=\"s1\">3. Gestion du consentement<\/span><\/h2>\n<p class=\"p2\"><span class=\"s2\"><\/span><\/p>\n<p class=\"p3\"><span class=\"s2\">Lors de votre premi\u00e8re visite, un bandeau vous informe de l\u2019utilisation des cookies. Vous pouvez accepter, refuser ou personnaliser vos choix. Le consentement est conserv\u00e9 6 mois maximum.<\/span><\/p>\n<p class=\"p2\"><span class=\"s2\"><\/span><\/p>\n<h2><span class=\"s1\">4. D\u00e9sactivation des cookies<\/span><\/h2>\n<p class=\"p2\"><span class=\"s2\"><\/span><\/p>\n<p class=\"p3\"><span class=\"s2\">Vous pouvez configurer votre navigateur pour bloquer ou supprimer les cookies. Des guides sont disponibles pour Chrome, Firefox, Safari et Edge.<\/span><\/p>\n<p class=\"p2\"><span class=\"s2\"><\/span><\/p>\n<h2><span class=\"s1\">5. Cookies tiers<\/span><\/h2>\n<p class=\"p2\"><span class=\"s2\"><\/span><\/p>\n<p class=\"p3\"><span class=\"s2\">Certaines fonctionnalit\u00e9s (r\u00e9seaux sociaux, vid\u00e9os, cartes) peuvent d\u00e9poser leurs propres cookies, soumis \u00e0 leurs politiques respectives.<\/span><\/p>\n<p class=\"p2\"><span class=\"s2\"><\/span><\/p>\n<h2><span class=\"s1\">6. Contact<\/span><\/h2>\n<p class=\"p2\"><span class=\"s2\"><\/span><\/p>\n<p class=\"p3\"><span class=\"s2\">Pour toute question sur les cookies, contactez : contact@velluto-conciergerie.com<\/span><\/p>[\/et_pb_text][\/et_pb_column][\/et_pb_row][\/et_pb_section]\n","protected":false},"excerpt":{"rendered":"<p>Mentions l\u00e9gales 1. \u00c9diteur du site Le site https:\/\/velluto-conciergerie.com est \u00e9dit\u00e9 par : VELLUTO CONCIERGERIE SASU au capital social de 1 000 \u20ac Immatricul\u00e9e au RCS de Paris sous le num\u00e9ro 990 736 704 Num\u00e9ro de TVA intracommunautaire : FR47990736704 Dirigeante : Isabelle Languila, Pr\u00e9sidente Si\u00e8ge social : 50 avenue des Champs-\u00c9lys\u00e9es, 75008 Paris Contact [&hellip;]<\/p>\n","protected":false},"author":1,"featured_media":0,"parent":0,"menu_order":0,"comment_status":"closed","ping_status":"closed","template":"","meta":{"_et_pb_use_builder":"on","_et_pb_old_content":"<!-- wp:heading -->\n<h2 class=\"wp-block-heading\">Who we are<\/h2>\n<!-- \/wp:heading -->\n<!-- wp:paragraph -->\n<p><strong class=\"privacy-policy-tutorial\">Suggested text: <\/strong>Our website address is: http:\/\/velluto-conciergerie.com.<\/p>\n<!-- \/wp:paragraph -->\n<!-- wp:heading -->\n<h2 class=\"wp-block-heading\">Comments<\/h2>\n<!-- \/wp:heading -->\n<!-- wp:paragraph -->\n<p><strong class=\"privacy-policy-tutorial\">Suggested text: <\/strong>When visitors leave comments on the site we collect the data shown in the comments form, and also the visitor&#8217;s IP address and browser user agent string to help spam detection.<\/p>\n<!-- \/wp:paragraph -->\n<!-- wp:paragraph -->\n<p>An anonymized string created from your email address (also called a hash) may be provided to the Gravatar service to see if you are using it. The Gravatar service privacy policy is available here: https:\/\/automattic.com\/privacy\/. After approval of your comment, your profile picture is visible to the public in the context of your comment.<\/p>\n<!-- \/wp:paragraph -->\n<!-- wp:heading -->\n<h2 class=\"wp-block-heading\">Media<\/h2>\n<!-- \/wp:heading -->\n<!-- wp:paragraph -->\n<p><strong class=\"privacy-policy-tutorial\">Suggested text: <\/strong>If you upload images to the website, you should avoid uploading images with embedded location data (EXIF GPS) included. Visitors to the website can download and extract any location data from images on the website.<\/p>\n<!-- \/wp:paragraph -->\n<!-- wp:heading -->\n<h2 class=\"wp-block-heading\">Cookies<\/h2>\n<!-- \/wp:heading -->\n<!-- wp:paragraph -->\n<p><strong class=\"privacy-policy-tutorial\">Suggested text: <\/strong>If you leave a comment on our site you may opt-in to saving your name, email address and website in cookies. These are for your convenience so that you do not have to fill in your details again when you leave another comment. These cookies will last for one year.<\/p>\n<!-- \/wp:paragraph -->\n<!-- wp:paragraph -->\n<p>If you visit our login page, we will set a temporary cookie to determine if your browser accepts cookies. This cookie contains no personal data and is discarded when you close your browser.<\/p>\n<!-- \/wp:paragraph -->\n<!-- wp:paragraph -->\n<p>When you log in, we will also set up several cookies to save your login information and your screen display choices. Login cookies last for two days, and screen options cookies last for a year. If you select &quot;Remember Me&quot;, your login will persist for two weeks. If you log out of your account, the login cookies will be removed.<\/p>\n<!-- \/wp:paragraph -->\n<!-- wp:paragraph -->\n<p>If you edit or publish an article, an additional cookie will be saved in your browser. This cookie includes no personal data and simply indicates the post ID of the article you just edited. It expires after 1 day.<\/p>\n<!-- \/wp:paragraph -->\n<!-- wp:heading -->\n<h2 class=\"wp-block-heading\">Embedded content from other websites<\/h2>\n<!-- \/wp:heading -->\n<!-- wp:paragraph -->\n<p><strong class=\"privacy-policy-tutorial\">Suggested text: <\/strong>Articles on this site may include embedded content (e.g. videos, images, articles, etc.). Embedded content from other websites behaves in the exact same way as if the visitor has visited the other website.<\/p>\n<!-- \/wp:paragraph -->\n<!-- wp:paragraph -->\n<p>These websites may collect data about you, use cookies, embed additional third-party tracking, and monitor your interaction with that embedded content, including tracking your interaction with the embedded content if you have an account and are logged in to that website.<\/p>\n<!-- \/wp:paragraph -->\n<!-- wp:heading -->\n<h2 class=\"wp-block-heading\">Who we share your data with<\/h2>\n<!-- \/wp:heading -->\n<!-- wp:paragraph -->\n<p><strong class=\"privacy-policy-tutorial\">Suggested text: <\/strong>If you request a password reset, your IP address will be included in the reset email.<\/p>\n<!-- \/wp:paragraph -->\n<!-- wp:heading -->\n<h2 class=\"wp-block-heading\">How long we retain your data<\/h2>\n<!-- \/wp:heading -->\n<!-- wp:paragraph -->\n<p><strong class=\"privacy-policy-tutorial\">Suggested text: <\/strong>If you leave a comment, the comment and its metadata are retained indefinitely. This is so we can recognize and approve any follow-up comments automatically instead of holding them in a moderation queue.<\/p>\n<!-- \/wp:paragraph -->\n<!-- wp:paragraph -->\n<p>For users that register on our website (if any), we also store the personal information they provide in their user profile. All users can see, edit, or delete their personal information at any time (except they cannot change their username). Website administrators can also see and edit that information.<\/p>\n<!-- \/wp:paragraph -->\n<!-- wp:heading -->\n<h2 class=\"wp-block-heading\">What rights you have over your data<\/h2>\n<!-- \/wp:heading -->\n<!-- wp:paragraph -->\n<p><strong class=\"privacy-policy-tutorial\">Suggested text: <\/strong>If you have an account on this site, or have left comments, you can request to receive an exported file of the personal data we hold about you, including any data you have provided to us. You can also request that we erase any personal data we hold about you. This does not include any data we are obliged to keep for administrative, legal, or security purposes.<\/p>\n<!-- \/wp:paragraph -->\n<!-- wp:heading -->\n<h2 class=\"wp-block-heading\">Where your data is sent<\/h2>\n<!-- \/wp:heading -->\n<!-- wp:paragraph -->\n<p><strong class=\"privacy-policy-tutorial\">Suggested text: <\/strong>Visitor comments may be checked through an automated spam detection service.<\/p>\n<!-- \/wp:paragraph -->\n","_et_gb_content_width":"","footnotes":""},"class_list":["post-3","page","type-page","status-publish","hentry"],"yoast_head":"<!-- This site is optimized with the Yoast SEO plugin v27.4 - https:\/\/yoast.com\/product\/yoast-seo-wordpress\/ -->\n<title>Mentions l\u00e9gales - Velluto Conciergerie<\/title>\n<meta name=\"description\" content=\"Bienvenue dans les mentions l\u00e9gales de Velluto Conciergerie. Retrouvez, en toute simplicit\u00e9, les informations du site et nos contacts.\" \/>\n<meta name=\"robots\" content=\"index, follow, max-snippet:-1, max-image-preview:large, max-video-preview:-1\" \/>\n<link rel=\"canonical\" href=\"http:\/\/velluto-conciergerie.com\/index.php\/mentions-legales\/\" \/>\n<meta property=\"og:locale\" content=\"fr_FR\" \/>\n<meta property=\"og:type\" content=\"article\" \/>\n<meta property=\"og:title\" content=\"Mentions l\u00e9gales - Velluto Conciergerie\" \/>\n<meta property=\"og:description\" content=\"Bienvenue dans les mentions l\u00e9gales de Velluto Conciergerie. Retrouvez, en toute simplicit\u00e9, les informations du site et nos contacts.\" \/>\n<meta property=\"og:url\" content=\"http:\/\/velluto-conciergerie.com\/index.php\/mentions-legales\/\" \/>\n<meta property=\"og:site_name\" content=\"Velluto Conciergerie\" \/>\n<meta property=\"article:modified_time\" content=\"2025-09-23T15:00:12+00:00\" \/>\n<meta name=\"twitter:card\" content=\"summary_large_image\" \/>\n<meta name=\"twitter:label1\" content=\"Dur\u00e9e de lecture estim\u00e9e\" \/>\n\t<meta name=\"twitter:data1\" content=\"3 minutes\" \/>\n<script type=\"application\/ld+json\" class=\"yoast-schema-graph\">{\"@context\":\"https:\\\/\\\/schema.org\",\"@graph\":[{\"@type\":\"WebPage\",\"@id\":\"http:\\\/\\\/velluto-conciergerie.com\\\/index.php\\\/mentions-legales\\\/\",\"url\":\"http:\\\/\\\/velluto-conciergerie.com\\\/index.php\\\/mentions-legales\\\/\",\"name\":\"Mentions l\u00e9gales - Velluto Conciergerie\",\"isPartOf\":{\"@id\":\"http:\\\/\\\/velluto-conciergerie.com\\\/#website\"},\"datePublished\":\"2025-08-29T16:15:35+00:00\",\"dateModified\":\"2025-09-23T15:00:12+00:00\",\"description\":\"Bienvenue dans les mentions l\u00e9gales de Velluto Conciergerie. Retrouvez, en toute simplicit\u00e9, les informations du site et nos contacts.\",\"breadcrumb\":{\"@id\":\"http:\\\/\\\/velluto-conciergerie.com\\\/index.php\\\/mentions-legales\\\/#breadcrumb\"},\"inLanguage\":\"fr-FR\",\"potentialAction\":[{\"@type\":\"ReadAction\",\"target\":[\"http:\\\/\\\/velluto-conciergerie.com\\\/index.php\\\/mentions-legales\\\/\"]}]},{\"@type\":\"BreadcrumbList\",\"@id\":\"http:\\\/\\\/velluto-conciergerie.com\\\/index.php\\\/mentions-legales\\\/#breadcrumb\",\"itemListElement\":[{\"@type\":\"ListItem\",\"position\":1,\"name\":\"Accueil\",\"item\":\"http:\\\/\\\/velluto-conciergerie.com\\\/\"},{\"@type\":\"ListItem\",\"position\":2,\"name\":\"Mentions l\u00e9gales\"}]},{\"@type\":\"WebSite\",\"@id\":\"http:\\\/\\\/velluto-conciergerie.com\\\/#website\",\"url\":\"http:\\\/\\\/velluto-conciergerie.com\\\/\",\"name\":\"Velluto Conciergerie\",\"description\":\"Offrez \u00e0 votre logement le service qu\u2019il m\u00e9rite. Chez Velluto Conciergerie, nous assurons une gestion compl\u00e8te de vos locations courte dur\u00e9e : optimisation de la rentabilit\u00e9, gestion des r\u00e9servations, accueil des voyageurs, d\u00e9coration, m\u00e9nage, linge, maintenance\u2026\",\"potentialAction\":[{\"@type\":\"SearchAction\",\"target\":{\"@type\":\"EntryPoint\",\"urlTemplate\":\"http:\\\/\\\/velluto-conciergerie.com\\\/?s={search_term_string}\"},\"query-input\":{\"@type\":\"PropertyValueSpecification\",\"valueRequired\":true,\"valueName\":\"search_term_string\"}}],\"inLanguage\":\"fr-FR\"}]}<\/script>\n<!-- \/ Yoast SEO plugin. -->","yoast_head_json":{"title":"Mentions l\u00e9gales - Velluto Conciergerie","description":"Bienvenue dans les mentions l\u00e9gales de Velluto Conciergerie. Retrouvez, en toute simplicit\u00e9, les informations du site et nos contacts.","robots":{"index":"index","follow":"follow","max-snippet":"max-snippet:-1","max-image-preview":"max-image-preview:large","max-video-preview":"max-video-preview:-1"},"canonical":"http:\/\/velluto-conciergerie.com\/index.php\/mentions-legales\/","og_locale":"fr_FR","og_type":"article","og_title":"Mentions l\u00e9gales - Velluto Conciergerie","og_description":"Bienvenue dans les mentions l\u00e9gales de Velluto Conciergerie. Retrouvez, en toute simplicit\u00e9, les informations du site et nos contacts.","og_url":"http:\/\/velluto-conciergerie.com\/index.php\/mentions-legales\/","og_site_name":"Velluto Conciergerie","article_modified_time":"2025-09-23T15:00:12+00:00","twitter_card":"summary_large_image","twitter_misc":{"Dur\u00e9e de lecture estim\u00e9e":"3 minutes"},"schema":{"@context":"https:\/\/schema.org","@graph":[{"@type":"WebPage","@id":"http:\/\/velluto-conciergerie.com\/index.php\/mentions-legales\/","url":"http:\/\/velluto-conciergerie.com\/index.php\/mentions-legales\/","name":"Mentions l\u00e9gales - Velluto Conciergerie","isPartOf":{"@id":"http:\/\/velluto-conciergerie.com\/#website"},"datePublished":"2025-08-29T16:15:35+00:00","dateModified":"2025-09-23T15:00:12+00:00","description":"Bienvenue dans les mentions l\u00e9gales de Velluto Conciergerie. Retrouvez, en toute simplicit\u00e9, les informations du site et nos contacts.","breadcrumb":{"@id":"http:\/\/velluto-conciergerie.com\/index.php\/mentions-legales\/#breadcrumb"},"inLanguage":"fr-FR","potentialAction":[{"@type":"ReadAction","target":["http:\/\/velluto-conciergerie.com\/index.php\/mentions-legales\/"]}]},{"@type":"BreadcrumbList","@id":"http:\/\/velluto-conciergerie.com\/index.php\/mentions-legales\/#breadcrumb","itemListElement":[{"@type":"ListItem","position":1,"name":"Accueil","item":"http:\/\/velluto-conciergerie.com\/"},{"@type":"ListItem","position":2,"name":"Mentions l\u00e9gales"}]},{"@type":"WebSite","@id":"http:\/\/velluto-conciergerie.com\/#website","url":"http:\/\/velluto-conciergerie.com\/","name":"Velluto Conciergerie","description":"Offrez \u00e0 votre logement le service qu\u2019il m\u00e9rite. Chez Velluto Conciergerie, nous assurons une gestion compl\u00e8te de vos locations courte dur\u00e9e : optimisation de la rentabilit\u00e9, gestion des r\u00e9servations, accueil des voyageurs, d\u00e9coration, m\u00e9nage, linge, maintenance\u2026","potentialAction":[{"@type":"SearchAction","target":{"@type":"EntryPoint","urlTemplate":"http:\/\/velluto-conciergerie.com\/?s={search_term_string}"},"query-input":{"@type":"PropertyValueSpecification","valueRequired":true,"valueName":"search_term_string"}}],"inLanguage":"fr-FR"}]}},"_links":{"self":[{"href":"http:\/\/velluto-conciergerie.com\/index.php\/wp-json\/wp\/v2\/pages\/3","targetHints":{"allow":["GET"]}}],"collection":[{"href":"http:\/\/velluto-conciergerie.com\/index.php\/wp-json\/wp\/v2\/pages"}],"about":[{"href":"http:\/\/velluto-conciergerie.com\/index.php\/wp-json\/wp\/v2\/types\/page"}],"author":[{"embeddable":true,"href":"http:\/\/velluto-conciergerie.com\/index.php\/wp-json\/wp\/v2\/users\/1"}],"replies":[{"embeddable":true,"href":"http:\/\/velluto-conciergerie.com\/index.php\/wp-json\/wp\/v2\/comments?post=3"}],"version-history":[{"count":6,"href":"http:\/\/velluto-conciergerie.com\/index.php\/wp-json\/wp\/v2\/pages\/3\/revisions"}],"predecessor-version":[{"id":230,"href":"http:\/\/velluto-conciergerie.com\/index.php\/wp-json\/wp\/v2\/pages\/3\/revisions\/230"}],"wp:attachment":[{"href":"http:\/\/velluto-conciergerie.com\/index.php\/wp-json\/wp\/v2\/media?parent=3"}],"curies":[{"name":"wp","href":"https:\/\/api.w.org\/{rel}","templated":true}]}}